o(-6)?
5
Let m be (15/25)/(1/5). Suppose -2*q + q + m = 0. Suppose 28 = n + q*n. What are the prime factors of n?
7
Suppose -13*u = -14*u + 91. What are the prime factors of u?
7, 13
What are the prime factors of ((-121)/22)/(2/(-4))?
11
Let g(i) = i - 2. Let s be g(-6). Let w(k) = -k**3 - 7*k**2 + 7*k + 5. Let v be w(s). Suppose t + v = j, -2*j = 2*t - 5*t - 31. What are the prime factors of j?
2
Let d = 421 + -288. What are the prime factors of d?
7, 19
Let f = 0 - -10. Let b be 25/f*8/10. Let t = 7 - b. List the prime factors of t.
5
Let u(c) be the second derivative of 7*c**3/2 - 5*c**2/2 - 5*c. List the prime factors of u(2).
37
Let k = -95 - -197. What are the prime factors of k?
2, 3, 17
Let g = -129 + 281. What are the prime factors of g?
2, 19
Suppose 8*r + 3477 = 27*r. List the prime factors of r.
3, 61
Suppose -m + 45 = -9. Suppose -3*y = -3*w + m, -38 = -2*w - 0*w + 4*y. List the prime factors of w.
17
Let b be 3/((-4)/(8/(-3))). Suppose l + 5 = 0, l + 44 = b*z + z. List the prime factors of z.
13
Let d(v) = -v**2 - 4*v + 6. Let i be d(-5). Suppose -3 - i = -2*z. Suppose -f + 5 = z, -21 = -5*b + 3*f. List the prime factors of b.
2, 3
Let r be 3*(1 - 0) + 5. What are the prime factors of 3*r - 3 - 2?
19
Let p = 14 - 1. List the prime factors of p.
13
Suppose -2*s + 4*m - 8 = 0, 0 = s - 0*s - m + 2. Suppose -k - 3*k + 12 = s. Suppose -2*g - r - 2 = -k*g, r - 40 = -5*g. List the prime factors of g.
7
Suppose -1155 = 4*f + f. What are the prime factors of -4*(f/6)/7?
2, 11
Let l be 140/(-36) - (-1)/(-9). Let o(a) = 2*a**2 - 4*a + 2. Let u be o(3). Let z = l + u. List the prime factors of z.
2
Suppose -5*m - 415 = -5*q, 0 = -3*m - q + 7 - 268. Let s = -42 - m. List the prime factors of s.
2, 11
Suppose 4*q - 9*q = -190. List the prime factors of q.
2, 19
Let d(n) = 16*n - 19. What are the prime factors of d(7)?
3, 31
Let x(v) = 2*v + 5. Let r be x(3). Let m = r + 15. List the prime factors of m.
2, 13
Let d be (0 - -1)*-2 - -4. Let q be (-670)/(-4) - (-1)/d. What are the prime factors of q/20 + 4/(-10)?
2
List the prime factors of -81*(0 - (-1)/(-3)).
3
Let t = 0 + -9. List the prime factors of ((-22)/4)/(t/18).
11
Suppose -2*r - 5*c = 28 - 75, 5*r = -3*c + 70. Suppose -r = 2*h + 4*b - 43, 3*b + 6 = 0. List the prime factors of h.
2, 5
Let s(d) = 6*d + 3. Let c be s(-3). What are the prime factors of (-5)/((c/(-21))/(-5))?
5, 7
Suppose 38*t - 1692 = 29*t. What are the prime factors of t?
2, 47
Let z be 2/2 + (-1 - 0). Suppose 106 = 4*l - 2*b, z*b = b + 5. List the prime factors of l.
2, 3
Suppose 0 = 3*i - 16 - 5. Suppose 4*m + 6 = i*m. Suppose -m = -3*v + 7. List the prime factors of v.
3
List the prime factors of 34/3*30/20.
17
Suppose 3*q - 4*j - 57 = 32, 28 = q - j. What are the prime factors of q?
23
Suppose -44 = -4*j + 5*p, -3*j = 6*p - p - 68. List the prime factors of (9/6)/(2/j).
2, 3
Let b(x) = 0*x**3 - x + x**3 - 2 - 4*x + 3*x**2. Let i be b(-4). Suppose -w - i*k - 28 = -4*w, 5*w = 4*k + 44. What are the prime factors of w?
2, 3
Suppose -i + 22 = -19. What are the prime factors of i?
41
Let j be ((-2)/(-4))/(1/98). Suppose -4*h = -4, -j = -4*f - 0*f + 3*h. What are the prime factors of f?
13
Suppose -256 = -4*y - 80. What are the prime factors of y?
2, 11
Let j = -7 - -19. List the prime factors of j.
2, 3
Let a = 15 - 11. Let z = a + -2. List the prime factors of z.
2
Let k = 32 - 2. List the prime factors of k.
2, 3, 5
Let z(x) = -x**3 - 4*x**2 - 6*x - 5. Let j = -26 - -22. List the prime factors of z(j).
19
Suppose -3*d + 4*d = 5. Let l(s) = s**3 - 5*s**2 + 2*s + 4. What are the prime factors of l(d)?
2, 7
Let g(q) = -q**3 + 19*q**2 - 13*q - 6. What are the prime factors of g(18)?
2, 3, 7
Suppose x - 8 = -0*x. Suppose 5*h = -z + x, 8 = 2*h - z - z. Suppose 5*p + 4 = -3*a, 5*a + 5*p - h*p = 20. List the prime factors of a.
7
Let h = 5 + 35. Suppose -2*u + 7*u - 2*n + 91 = 0, -h = 2*u + n. Let d = -7 - u. List the prime factors of d.
2, 3
List the prime factors of (-3)/(108/8) - (-1066)/18.
59
Suppose -7 = -2*j + 1. Let q(p) = -p**3 + 6*p**2 - 2*p - 2. Let b be q(j). Suppose k = -k + b. List the prime factors of k.
11
List the prime factors of (18 - (0 + -3))*1.
3, 7
Let f be (-1 - 3/(-1)) + 4. Let m = -9 + f. Let i = m - -7. What are the prime factors of i?
2
Let v(m) = -m**3 - 10*m**2 + 12*m + 15. Let b be v(-11). Suppose b*r + 0*r = 60. List the prime factors of r.
3, 5
Let q be (9 - 0)/((-9)/(-12)). Suppose -2*h + 4*t + 2 = 10, -q = -5*h + 2*t. What are the prime factors of h?
2
Let b = -50 - -90. What are the prime factors of b?
2, 5
Suppose 0 = -2*d - 4*z + 10 + 122, 4*d - 290 = 5*z. List the prime factors of d.
2, 5, 7
Let v(k) = -k**3 - 6*k**2 + 2. Let y be v(-6). What are the prime factors of 3/y*80/24?
5
Suppose 4 = 4*i - 4. Suppose 13 = i*l - 25. What are the prime factors of l?
19
What are the prime factors of (-5)/(-5)*(-2 + 25)?
23
Let m = -11 - -5. Let l = m + 13. Suppose -2*g - 10 = -l*g. What are the prime factors of g?
2
Let q(g) = 5*g - 14. Let r be (3 - 2)/(5/30). What are the prime factors of q(r)?
2
Let h = 27 + 61. What are the prime factors of h?
2, 11
List the prime factors of -3 - -5 - 12/(-2).
2
Let g(i) = i**2 + 4*i - 5. List the prime factors of g(7).
2, 3
Let j(b) = 80*b + 10. What are the prime factors of j(2)?
2, 5, 17
Suppose -8 = 6*h - 50. What are the prime factors of h?
7
Let q(x) be the first derivative of x**6/360 - 3*x**5/40 - x**4/3 + 4*x**3/3 - 3. Let u(w) be the third derivative of q(w). What are the prime factors of u(11)?
2, 7
Let v be (0 - 2)*(-10 - 6). Suppose 3*b + 0*b = 4*t - v, 5*t - 59 = -b. Suppose 0*n - n - p + 4 = 0, -3*n = 2*p - t. List the prime factors of n.
3
Let j(t) = -t**2 - 6*t + 2. What are the prime factors of j(-6)?
2
Let m(h) = 6*h - 3. What are the prime factors of m(6)?
3, 11
Let u be (-3)/(-5) + 2/5. Let j be u/4 - (-33)/12. Suppose j*i - 2 = 7. What are the prime factors of i?
3
What are the prime factors of -7*(4 - 1 - 10)?
7
Suppose -5*m + 5*q + 112 = -133, 252 = 5*m + 2*q. Suppose 50 = 5*l + 4*y, 5*l - 4*y = -0*y + m. List the prime factors of l.
2, 5
Let i be 3/15 - 24/20. Let x = 9 - i. List the prime factors of x.
2, 5
Let p be 0 + (-2 - (8 - 2)). Let n(c) be the first derivative of -c**2/2 - 5. What are the prime factors of n(p)?
2
Let z(m) = m + 3. Let h be z(-8). Let l = 1 - h. List the prime factors of l.
2, 3
Suppose 23 + 1 = 4*i. Let p = -14 - -22. Suppose -4*m = -n - 34, 2*m - 2*n + i*n - p = 0. What are the prime factors of m?
2
Suppose 0 = -4*r - l + 3*l + 14, 3 = 2*r - 5*l. Suppose -r*s - 5*c = -53, 3*s = -5*c + 48 - 2. List the prime factors of s.
7
Let s = -205 + 407. What are the prime factors of s?
2, 101
List the prime factors of (-42)/(-5) - 2/5.
2
Let o(p) = -2*p + p + 0*p + 1 + 5. What are the prime factors of o(4)?
2
Suppose b - 9 = 3. Let d = b - 8. List the prime factors of d.
2
Let m(i) = 2*i - 10. Let k be m(7). Suppose 0 = -k*b + z + 29, -2*b - 2*b + 4*z + 20 = 0. Let h = -4 + b. List the prime factors of h.
2
Let d(y) = -y**2 - y - 1. Let m(o) = -7*o**2 - 5*o - 6. Let g(u) = 6*d(u) - m(u). What are the prime factors of g(-5)?
2, 3, 5
Let p(s) = -1 + 3*s**2 - s**2 - 4*s**2 + 3*s**2. Let g be p(-2). Suppose k - 20 = -3*c + c, -k = g*c - 32. What are the prime factors of c?
2, 3
Let w(z) = -5*z - 2. Suppose 20 = n - 6*n. Let m(g) = -4*g - 2. Let f(p) = n*m(p) + 3*w(p). List the prime factors of f(7).
3
Let a = 31 - -2. What are the prime factors of a?
3, 11
Suppose 0 = 5*m - 0*m - 60. Let g = 28 - m. List the prime factors of g.
2
Let b(i) = -i**3 + 6*i**2 + i + 2. Let p be b(6). Let u = 19 - p. What are the prime factors of u?
11
Suppose -5*c - 268 = -o - 0*o, -44 = c - 5*o. Suppose -2*p - p = -228. Let z = c + p. List the prime factors of z.
2, 11
Let q(c) = -7*c + 1. Let z(n) = -1. Let p(t) = -q(t) - 3*z(t). Let y(l) = 3*l + 1. Let r(d) = -2*p(d) + 5*y(d). What are the prime factors of r(5)?
2, 3
Suppose 3*o + 1 = -q + 3*q, 3 = 3*o. Suppose -14 = q*s - 3*s. List the prime factors of s.
2, 7
Let u be ((-4)/3)/(2/(-3)). Suppose 0 = 4*z - u*s + s - 52, 3*z + 4*s - 58 = 0. What are the prime factors of z?
2, 7
Let l(t) = -t - 2. Let u be l(-3). Let h(f) = -5*f - 2 - 5*f**2 - u + 1 - f**3. List the prime factors of h(-4).
2
L